est common divisor of k and 114?
38
Let b be (15/12)/5 + 188682/312. Calculate the highest common factor of 2057 and b.
121
Let l be 29/(2/(-11) - (-68)/132). Let a = l - 76. Calculate the highest common divisor of 33 and a.
11
Suppose -34*x + 2750 = -9*x. Calculate the highest common factor of 1580 and x.
10
Let l be 36/(-90) - (-748)/(-20)*-6. Calculate the highest common divisor of l and 77.
7
Let v(d) = -d**3 - 22*d**2 - 3*d - 54. Let h be v(-22). Suppose -15 + 615 = h*l. Calculate the highest common factor of l and 200.
50
Suppose -19368 = 18*z - 22014. Let g(c) = 6*c**2 + 1 - 2*c**2 - 2*c + 0*c**2. Let q be g(-2). Calculate the greatest common divisor of q and z.
21
Let v be (248/12)/((32/(-12))/(-4)). Let q(z) = -z**3 + 30*z**2 + 38*z - 25. Let g be q(v). What is the greatest common factor of g and 24?
24
Suppose 2*o = -108 + 300. Let m(h) = -h**2 - 18*h - 12. Let l be m(-17). Suppose 67 = l*t - 253. What is the highest common divisor of o and t?
32
Let b be (-7 + 387/18)/((-5)/(-80)*2). Let j be 31 + 1/(2 - 1). Let r = 61 - j. What is the highest common factor of b and r?
29
Suppose 4*q + 2*l = 556, 5*q - 524 - 164 = l. Suppose -68 = -5*j + 97. Let s = 125 - j. Calculate the greatest common factor of s and q.
46
Let y = 37519 - 37330. Calculate the greatest common factor of 8820 and y.
63
Let m(d) = 20*d - 5. Let b be m(4). Let s(o) = 20*o**2 - 159*o + 7. Let z be s(8). What is the greatest common factor of b and z?
15
Let n = -3802 - -3823. What is the greatest common factor of 308 and n?
7
Let a be -49*(81/126)/(21/(-28)). Suppose -11 + 3 = -4*p. Suppose 21 = -c + p*c. What is the greatest common divisor of c and a?
21
Suppose 22*o - 65*o = -21801. What is the greatest common factor of 12 and o?
3
Suppose 232*k + 166*k - 149250 = 0. Calculate the highest common divisor of k and 475.
25
Let w(t) = -15*t + 25. Let b be w(2). Let x be (43 - (b - -9)) + 2 + 0. What is the highest common factor of 328 and x?
41
Let y be (2 - -4)*39/2. Let i(f) be the third derivative of 2*f**4 - 13*f**3/2 - 123*f**2. Let o be i(1). Calculate the greatest common factor of o and y.
9
Let s(p) = 15*p - 282. Let o(r) = -5*r + 94. Let i(h) = -8*o(h) - 3*s(h). Let y be i(15). Calculate the greatest common divisor of 38 and y.
19
Suppose -2*b = 3*h - 4, 16 = -b - 3*b. Suppose s = -h, s - 220 - 11 = -5*i. Calculate the greatest common factor of i and 282.
47
Suppose 12*w - 122 = 922. Suppose m + 130 = 5*s - 2*m, 102 = 3*s + 3*m. What is the highest common factor of s and w?
29
Let s(j) = 8*j**2 + 4*j - 3363. Let f be s(-64). What is the highest common factor of 283 and f?
283
Suppose -z - 728*q = -727*q - 59, q = z - 37. Suppose 56 = 4*f + 4*r, 6*f - 58 = 2*f - 3*r. Calculate the greatest common factor of f and z.
16
Suppose 4*w - 91 = -3*p, -p = -3*w - 2776 + 2763. Let f = 298 - 198. Calculate the highest common factor of p and f.
25
Let r be (30/(-12))/((-3)/12). Let t = 34 + 6. Let v = 44 - t. Calculate the highest common factor of r and v.
2
Suppose -1106 = -4*b + 2*n, 3*n = -5*b - 276 + 1675. Let q = -102 + b. Suppose -5*a = -6*a + q. What is the highest common factor of a and 11?
11
Let d be ((-15)/(135/(-174)))/((-2)/(-9)). Suppose -245 = 82*v - d*v. Calculate the greatest common factor of v and 196.
49
Suppose 3*t - 11 - 37 = 0. Let p be (-9 - (-3 - 21)) + -13. Let r be (p*-1)/(t/(-216)). Calculate the highest common divisor of r and 36.
9
Let t(r) = 4*r**3 + 24*r**2 - 12*r + 40. Let q be t(10). Suppose -88*a + q = -80*a. Calculate the highest common divisor of a and 79.
79
Suppose 4*m + 5214 = -3*b, -6533 = 5*m - 2*b - 2*b. Let a be 5 + 8/((-40)/m). What is the highest common divisor of 38 and a?
38
Suppose -6 = 3*z - 3. Let o = z + 16. Let r(p) = p**2 + 10. Let i be r(0). What is the highest common divisor of o and i?
5
Let o(q) = 3 + 3*q + 1 + 7*q**3 - 6*q**3 - q**2 - 7*q**3. Let k be o(-2). Calculate the highest common factor of k and 70.
14
Let i(j) = -2*j**2 + 18*j - 31. Let g be (-7)/(70/75)*2/(-3). Let d be i(g). Calculate the highest common divisor of d and 18.
9
Suppose 8 = 2*p - 6. Suppose 6*m + 0*m = 3*m. Suppose 7*n + n - 448 = m. Calculate the greatest common divisor of p and n.
7
Let g(a) = -2*a**2 - 28*a + 26. Let t be g(0). What is the greatest common factor of 403 and t?
13
Let y(l) = -15*l**2 + 13*l + 9. Let z be y(-4). Let v = z + 643. Calculate the greatest common factor of 60 and v.
60
Suppose -7*c = -3*c - 96. Let r be 11/4*(-3)/((-18)/c). Suppose -11 = -3*a + 2*a. What is the highest common factor of a and r?
11
Suppose 6801 + 5441 + 6568 = 95*z. Calculate the highest common factor of 36 and z.
18
Suppose 4*p + 153 = 33*p - 12*p. Calculate the greatest common divisor of p and 276.
3
Let y = 482 - 276. Suppose 3*r = -5*k - 46 + y, -4*r + 252 = -3*k. Let z = -15736 + 15776. Calculate the greatest common divisor of z and r.
20
Suppose -93*y + 175*y + 781 = 93*y. What is the greatest common factor of y and 5183?
71
Suppose -4 + 4 = -9*w. Let p be (-3 + 4)*(4 - w). Suppose -4*d = p*v - 68, 3*v - v = -3*d + 46. Calculate the highest common divisor of 192 and d.
12
Suppose z + 39 = g + 4*z, 5*g + 5*z = 185. Let i(m) = -3 - 46*m + 57*m - g*m - 3. Let u be i(-6). Calculate the highest common factor of u and 16.
16
Let f(h) = 4*h**2 + 56*h + 267. Let w be f(-5). Calculate the greatest common divisor of 10498 and w.
29
Suppose 2*y = 4, -c - 129*y + 194 = -134*y. Suppose -9*t = -4*t - 660. Calculate the greatest common divisor of c and t.
12
Let c = 133 - 130. Let k(f) = -2*f**c - 16 + 26 - 9 + 4*f + 3*f**2. Let y be k(-3). Calculate the greatest common factor of y and 28.
14
Let u(l) = -8*l - 3. Let c be u(-1). Suppose c*g - 25 + 15 = 0. Suppose a + 5 = g*a. Calculate the highest common divisor of a and 25.
5
Let n(j) = j**3 + 30*j**2 + 53*j - 61. Let r be n(-28). Let x = -239 + 400. Calculate the greatest common factor of r and x.
23
Let d(b) = -2*b**3 - b**2 + 8*b + 26. Let g be d(-4). What is the highest common factor of 2597 and g?
53
Let w = 705 - 685. What is the greatest common factor of w and 7360?
20
Let y(o) = 333*o**2 - 166*o - 655. Let q be y(-4). What is the greatest common factor of q and 9?
9
Let n(j) = 65*j + 2420. Let f be n(-35). Calculate the highest common divisor of f and 2378.
29
Let y be ((-5094)/(-54) + -1)/(4/42). What is the highest common divisor of 105 and y?
35
Let r = 274 - -5. Let h(p) = p**3 - 3*p**2 + 2*p - 29. Let k be h(5). What is the greatest common divisor of k and r?
31
Let l = -2188 + 2226. Suppose -3*i + 19 = -0*i + 2*f, -7 = -3*i + 4*f. Suppose j = i, 5*g - 28 - 62 = j. What is the greatest common divisor of l and g?
19
Let u be 2/(-4) + 37/2. Let j be ((-16)/(-5))/((-2)/(-10)). Suppose -3*w = 0, 8 - j = -2*s + 2*w. What is the highest common factor of u and s?
2
Suppose -507*i + 213*i = -2501602 - 1322750. Calculate the highest common divisor of i and 192.
48
Suppose -2*k - 46 = -3*r, -3*r - 2*r = -3*k - 76. Let t = 15873 - 15824. Calculate the greatest common divisor of t and r.
7
Let x(a) = 25*a + 23. Let h be x(1). What is the highest common divisor of 5816 and h?
8
Let w = 747 - 546. Suppose -w = -6*v - 3*p, 3*p = -6*v + 7*v - 37. What is the greatest common factor of 17 and v?
17
Let x(j) = -43*j - 6. Let v be x(-6). Suppose v = -5*z - 43. Let o = z + 73. What is the highest common factor of o and 7?
7
Suppose n + 8 = 2*n. Suppose 3*s - 209 = -16*s. Suppose -s*a + 15 = -n*a. Calculate the greatest common factor of 1 and a.
1
Let d(g) = -8*g - 4. Let v be d(-4). Let n = 42 + -39. Let r be -3 - (1/n)/((-13)/273). Calculate the greatest common divisor of r and v.
4
Suppose -4*p - 133 = -74*f + 71*f, -f - p = -35. What is the highest common factor of f and 897?
39
Let j = 114 - 111. Suppose -21*d = j*d - 432. What is the greatest common divisor of 54 and d?
18
Let h be -2 - (-2)/(4/654). Let v = -41531 + 41606. What is the greatest common factor of h and v?
25
Suppose -4*a + 2*y = -718, 0 = 2*y - 23 + 21. Calculate the highest common divisor of 1116 and a.
36
Let z(s) be the first derivative of -11*s**2 + 102*s - 95. Let l be z(4). Calculate the highest common divisor of 224 and l.
14
Let u(o) = -3*o + 54. Let f be u(17). Suppose -5*z + f*q - 7 = 0, -3*z - 5*q = -4 - 19. Suppose 3*d - 121 = -z.